 + 3178. Let m be x(6). Let k(d) = -8*d + 26. Calculate k(m).
-6
Suppose 0 = s + 3*s - 4. Let t(n) = -16*n - s - 3*n - 6*n. Let m(d) = 49*d + 3. Let a(u) = 2*m(u) + 5*t(u). Give a(1).
-26
Let p(t) = -3*t**3 + 11*t**2 + 24*t - 11. Let h(l) = 28*l**3 - 98*l**2 - 218*l + 100. Let x(m) = -2*h(m) - 19*p(m). Determine x(14).
-75
Let z(c) = -38*c + 13*c + 5 + c**2 - c**3 - 4 + 5*c**2 + 22*c. Suppose 2*a - 8 = -0*a - 4*r, -12 = -3*a + 2*r. What is z(a)?
21
Let x(d) = -d - 67. Let p(j) = 35*j + 2464. Let q(h) = -4*p(h) - 147*x(h). Suppose -2*y + 5*y + 15 = 0. Give q(y).
-42
Let c(f) = -7*f - 11 - 2 + 10*f + 1 + f. Calculate c(10).
28
Let q(k) be the third derivative of -2*k**4/3 - 7*k**3/6 - 91*k**2 - 5*k. Give q(-8).
121
Let i(y) = -2*y**2 - 13*y - 34. Suppose -2*r - 2*k = 6, -3*r - 5*k + 70 = 77. Give i(r).
-14
Suppose 8*z = 12*z - 5*q + 39, -4*z + 3*q = 41. Let u(a) = -a**2 - 11*a - 27. Determine u(z).
-27
Let p = -4 + 3. Let r(s) = s**2 - s + 1. Let o(m) be the first derivative of m**3/3 - 7*m**2/2 + 3*m - 150. Let j(d) = p*o(d) + 3*r(d). What is j(-3)?
6
Let n be (-1 + -2 + 2)*3. Let p be n*1/((-9)/(-6)). Let z(b) be the second derivative of -b**3/3 - 3*b**2/2 - 310*b. Give z(p).
1
Let a(m) be the first derivative of 16*m**3/3 - 3*m**2/2 - 12*m + 3473. Calculate a(3).
123
Let k = 10 - 16. Let p be 120/12 - (-16)/(-4). Let u(m) = 3*m - 8*m - p - m**2 + 9. Calculate u(k).
-3
Let q(r) = 11*r**3 - 12*r - 11. Let p be q(-1). Let t be -3 + (8/(-10))/(2/p). Let n(u) = 2*u**2 + 3*u**3 + 0 + 1 - 2. Calculate n(t).
4
Let w(h) = 4*h + 1. Let d = 41 + -51. Let p(g) = -2*g**2 - 9*g - 11. Let l be p(d). Let k be l/55 - (-8)/(-10). Give w(k).
-11
Suppose -4*u - 17 = -5. Let b(j) = 9*j**2 + 5*j + 10. Let n(f) = -4*f**2 - 2*f - 5. Let g(t) = u*b(t) - 7*n(t). Give g(0).
5
Let o be (((-3)/(-2))/(-3))/((-53)/(-106)). Let p(y) = 2 - 1 + 334*y + 337*y - 675*y. Determine p(o).
5
Let h be 6/5*(17 + -12). Let w(b) = 12*b + 2*b**3 - 16*b + h*b - 3*b**2. Give w(2).
8
Let x(c) = -20*c**2 + 8*c - 3. Let p(h) = -41*h**2 + 17*h - 6. Let s(a) = 4*p(a) - 9*x(a). Give s(2).
59
Let f(n) = -11*n**2 - 8*n + 17. Let c = -8 + 2. Suppose -839*l + 831*l + 104 = 0. Let i(d) = -5*d**2 - 4*d + 8. Let y(h) = c*f(h) + l*i(h). Give y(6).
14
Let m(q) = q**3 + 2*q**2 - 3191*q - 5*q**2 + 5 + 3187*q. What is m(3)?
-7
Let r(y) = 2*y - 11. Let j be 135/10*44/99. Let h(d) = d**2 + 13*d - 107. Let z be h(j). What is r(z)?
3
Let h(y) = -y**2 + 2*y + 10. Let i be ((-30)/(-4))/(14/336). Let o be (7/(-42))/((-6)/i). What is h(o)?
-5
Let g = -10092 - -10071. Let h(n) = -n**3 - 21*n**2 + n + 20. Determine h(g).
-1
Let b(v) = -21*v**3 - 2*v - 2. Let g(s) = -s**2 + 117*s + 117. Let k be g(-1). Determine b(k).
21
Let t(l) = -l. Suppose 2*w + 6 = -3*x + 16, -x - 2*w + 2 = 0. Let f be 54/(-24) + (x - 30/8). Give t(f).
2
Let k be 490/(-5)*-2*1/(-4). Let n = 56 + k. Let j(c) = 3*c - 10. What is j(n)?
11
Suppose 2*q - 3*v - 9 = 0, 5*v - 11 = -5*q + v. Let r be q/((4 + -2)/54). Let m(p) = -86 + p + r + p. Determine m(6).
7
Let s(y) be the third derivative of 0*y - 1/24*y**4 - 20*y**2 + 0 - 8/3*y**3. Let h = -26 + 18. Determine s(h).
-8
Let z(s) be the second derivative of -s**5/10 + s**3 - s**2 + 3680*s. Determine z(4).
-106
Let y(m) = -4*m - 12. Let l(t) = -25*t - 235. Let p(n) = -l(n) + 8*y(n). Calculate p(16).
27
Let t be 309/(-252) - 2088/(-1827) - 142/24. Let m(n) = -2*n**3 - 2*n**3 - 5*n**2 + 4*n + 3*n**3 + 6. Determine m(t).
18
Let q(o) be the first derivative of 3*o**2/2 - 72*o - 562. Calculate q(24).
0
Let w(p) be the second derivative of -p**4/12 - 11*p**3/6 - 19*p**2/2 + 9*p + 3. Give w(-3).
5
Let p(q) = -q**3 + 2 - 20*q + 19*q + 12*q**2 + 8*q - 5*q**2. Determine p(8).
-6
Let m(q) be the first derivative of 0*q + 13 + 2/3*q**3 + q**2. Suppose d + 17 = 3*z, 4*z + 16 = -3*d + 6*z. What is m(d)?
4
Let c(s) be the first derivative of -2*s**2 + 130*s - 222. Let r be c(32). Let k(x) = 3*x + 8. What is k(r)?
14
Let i(x) = -25*x**2 + x**3 - 637*x + 1896*x - 641*x + 46 - 646*x. Calculate i(26).
-6
Let w(v) = -v**2 - v - 1. Let n = -464 + 463. Let g(p) = 4*p + 2*p + 8*p**2 + 7 + 3*p. Let f(x) = n*g(x) - 6*w(x). What is f(-3)?
-10
Let c(y) = -2*y + 4. Let f be (20/8 + -3)/((-2)/92). Suppose -2*z = 4*o - 100, 4*z - f = -2*o + 21. Let w = o + -31. Give c(w).
14
Suppose 418*c - 441*c = 0. Let l(h) be the third derivative of 0*h**3 + c + 1/120*h**6 + 0*h + 1/3*h**4 - 30*h**2 - 3/20*h**5. Calculate l(8).
0
Let f(i) be the first derivative of 2*i**3/3 - 2*i + 1466. Calculate f(-2).
6
Let h(o) be the second derivative of 0 + 7/6*o**3 - 6*o**2 + 7/24*o**4 - 11*o + 1/10*o**5 - 1/120*o**6. Let d(c) be the first derivative of h(c). Give d(7).
7
Suppose 0 = -5*s + 2*h + 5, -3*s + 4*h + 5 = 16. Suppose -k - 25 = -5*i, 0*k + 3*k = 4*i - 31. Let a(m) = -3*m - 209 - 3*m**2 + 211 + i*m**2. What is a(s)?
2
Let i(j) = -j**2 - 4*j + 9. Suppose -d + 25*y = 19*y - 3, 4*y = -8. Calculate i(d).
-36
Let m(b) = -b**3 + 3*b**2 + 4*b + 3. Let w be m(4). Let z(k) = -k**3 + 0*k**3 + 0 + k - w + 2. Suppose 0 = 30*d + 102 - 42. What is z(d)?
5
Suppose -3*n + 5 = -5*y - 0*y, -2*n = -10. Let g(z) = z - 199 + 199 - y*z. Let q(f) = f**2 - f. Let j be q(0). Determine g(j).
0
Let g = 100 - 98. Let x(q) = 53*q - g - 3*q**3 - 3*q**2 + 6*q**3 - 49*q. Determine x(2).
18
Let p(b) = -31*b - 323. Let u be p(-11). Let c(g) = -g**3 + 19*g**2 - 17*g - 25. Give c(u).
-7
Let z(c) = c**3 - 43*c**2 - 46*c + 88. Let s be z(44). Let y(g) = 3 + 57*g - 65*g + s + g**2 + 11. Give y(6).
2
Suppose 0 = 26*v - 22*v + 4*o - 4324, 4 = 2*o. Let z(w) = 539*w + 539*w - v*w + 12. Give z(11).
1
Suppose -25*y + 27*y - 12 = 0, 0 = -v - 2*y + 21. Let n(c) = -c**2 + 13*c - 27. Determine n(v).
9
Let n = -98 - -89. Let l be (1 - (-6)/n)*-123. Let q = l + 47. Let a(f) = -f - 1. Determine a(q).
-7
Let l(v) = 146*v - 33 + 30 + 32 - 103*v. Give l(-4).
-143
Let x = -49 - -51. Let g(q) = -x + 147*q**2 - 74*q**2 + q - 72*q**2 + 21. Determine g(0).
19
Let s(z) = 416 - 882 + 478 + 7*z. Give s(-3).
-9
Let f(n) be the first derivative of -1/6*n**3 + 10*n - 2*n**2 - 4. Let l(r) be the first derivative of f(r). Give l(-3).
-1
Suppose -9*v = -5*v - 7*v. Suppose v = 16*d + 55 - 55. Let o(f) be the first derivative of f**3/3 + f**2/2 - 9*f + 1. Calculate o(d).
-9
Let v(c) be the second derivative of -c**5/60 + c**4/12 - c**3/6 - 211*c**2/2 - 349*c. Let t(m) be the first derivative of v(m). Determine t(1).
0
Suppose 162*d = 167*d - 205. Let h(z) = 20 + d*z + 15*z - 13*z + 65*z**2 - 63*z**2. Determine h(-21).
-1
Suppose -26 + 5 = 3*p + 3*u, p - 28 = 4*u. Let l(w) = 3 + 4*w - 3*w - 5. Give l(p).
-2
Let a be (-5)/((-20)/8) + (-1 - -2). Suppose o = -a*o. Let g(f) = -21*f**3 + o - 19*f**3 + 39*f**3 + 3 - 4*f**2. What is g(-4)?
3
Let m(r) = -23*r**3 - 34*r**2 + 85*r + 61. Let n(v) = 10*v**3 + 17*v**2 - 42*v - 30. Let d(i) = -3*m(i) - 7*n(i). Determine d(-19).
8
Suppose 5*g = -5*k + 110, -16 + 108 = 4*g + 2*k. Let b(u) = -2 - 5*u + u**2 + g*u - 10*u. Determine b(-7).
-16
Let s(p) = 2*p**3 - 13*p**2 + 9*p + 9. Let b(x) = x**3 - 7*x**2 + 5*x + 5. Let w(u) = -11*b(u) + 6*s(u). Suppose 25 = -2*t + 21. Give w(t).
-11
Let b be ((-2)/4)/((-7)/56). Suppose -8*y + 16 = -b*y. Let i = y + -1. Let w(a) = -a**2 - 4. Give w(i).
-13
Let u(k) = -2*k + 6. Let o(g) = g + 1. Let j be o(4). Suppose 6*n = 4*n - j*y + 16, -3*n + 3*y = -3. Suppose -5*z = x + 21, -n*x = 4*z + 13 - 5. What is u(x)?
-2
Suppose 14*m - 4*c - 26 = 9*m, -4*m + 3*c = -20. Let z be (10/(-4) + m)*68/34. Let r(j) = 10*j**3 + 2*j**2 - 1. Give r(z).
-9
Suppose -5*c = -5*x + 35, 5*x - c = -6*c - 5. Let u(h) = 4*h**2 + 6*h + 4. Let i(m) = 2*m**2 + 3*m + 2. Let j(p) = 7*i(p) - 4*u(p). Calculate j(x).
-29
Suppose -86 = 7*f - 79. Let p = -21 + 12. Let u be (p - -8)*f*(-2 - -1). Let o(n) = -13*n**3 + n**2 - 1. Give o(u).
13
Suppose -6*d - 4 = -8*d. Suppose -d*o + 0*o + 16 = 0. Suppose 0 = -r + o*r + 35. Let v(l) = -l**2 - 3*l + 2. Give v(r).
-8
Let b(t) = -111*t**2 - t - 2. Suppose -3 = 3*r + o, 0 = 11*o - 16*o. What is b(r)?
-112
Let m = 325 + -346. Let n(c) = -5*c - 118. Determine n(m).
-13
Let q be (-2 - 36/(-15))/(9/45). Let x(p) = -6 + 20*p + 25*p + 1 + 20*p + q*p**2 - 63*p. Give x(-3).
7
Let q(m) be the first derivative of -m**2/2 - 28*m - 739. Give q(-17).
-